{"id":1546,"date":"2021-03-11T13:30:48","date_gmt":"2021-03-11T13:30:48","guid":{"rendered":"https:\/\/tekniseri.com\/?page_id=1546"},"modified":"2021-03-11T13:30:56","modified_gmt":"2021-03-11T13:30:56","slug":"treon","status":"publish","type":"page","link":"https:\/\/tekniseri.se\/?page_id=1546","title":{"rendered":"Treon"},"content":{"rendered":"<div class=\"fusion-fullwidth fullwidth-box fusion-builder-row-1 nonhundred-percent-fullwidth non-hundred-percent-height-scrolling\" style=\"--awb-border-radius-top-left:0px;--awb-border-radius-top-right:0px;--awb-border-radius-bottom-right:0px;--awb-border-radius-bottom-left:0px;--awb-flex-wrap:wrap;\" ><div class=\"fusion-builder-row fusion-row\"><div class=\"fusion-layout-column fusion_builder_column fusion-builder-column-0 fusion_builder_column_1_1 1_1 fusion-one-full fusion-column-first fusion-column-last\" style=\"--awb-bg-size:cover;\"><div class=\"fusion-column-wrapper fusion-column-has-shadow fusion-flex-column-wrapper-legacy\"><div class=\"fusion-image-element fusion-image-align-center in-legacy-container\" style=\"text-align:center;--awb-caption-title-font-family:var(--h2_typography-font-family);--awb-caption-title-font-weight:var(--h2_typography-font-weight);--awb-caption-title-font-style:var(--h2_typography-font-style);--awb-caption-title-size:var(--h2_typography-font-size);--awb-caption-title-transform:var(--h2_typography-text-transform);--awb-caption-title-line-height:var(--h2_typography-line-height);--awb-caption-title-letter-spacing:var(--h2_typography-letter-spacing);\"><div class=\"imageframe-align-center\"><span class=\" fusion-imageframe imageframe-none imageframe-1 hover-type-none\"><img decoding=\"async\" width=\"1024\" height=\"596\" title=\"shutterstock_1049032958\" src=\"https:\/\/tekniseri.com\/wp-content\/uploads\/2020\/05\/shutterstock_1049032958-scaled-e1590750517910-1024x596.jpg\" alt class=\"img-responsive wp-image-1644\" srcset=\"https:\/\/tekniseri.se\/wp-content\/uploads\/2020\/05\/shutterstock_1049032958-scaled-e1590750517910-200x116.jpg 200w, https:\/\/tekniseri.se\/wp-content\/uploads\/2020\/05\/shutterstock_1049032958-scaled-e1590750517910-400x233.jpg 400w, https:\/\/tekniseri.se\/wp-content\/uploads\/2020\/05\/shutterstock_1049032958-scaled-e1590750517910-600x349.jpg 600w, https:\/\/tekniseri.se\/wp-content\/uploads\/2020\/05\/shutterstock_1049032958-scaled-e1590750517910-800x466.jpg 800w, https:\/\/tekniseri.se\/wp-content\/uploads\/2020\/05\/shutterstock_1049032958-scaled-e1590750517910-1200x699.jpg 1200w, https:\/\/tekniseri.se\/wp-content\/uploads\/2020\/05\/shutterstock_1049032958-scaled-e1590750517910.jpg 2560w\" sizes=\"(max-width: 800px) 100vw, 1024px\" \/><\/span><\/div><\/div><div class=\"fusion-text fusion-text-1\"><h3 style=\"text-align: center;\"><span class=\"EOP SCXW129096749 BCX0\" data-ccp-props=\"{\"> Smarta IoT l\u00f6sningar f\u00f6r industrikunder, smarta byggnader och logik av Treon<\/span><\/h3>\n<p style=\"text-align: justify;\">Internet of Things, eller IoT, inneb\u00e4r ihopkopplade sensorer, instrument och andra enheter som har kopplats samman med en dators industriella till\u00e4mpningar, vilket inkluderar produktion och energihantering. Denna sammankoppling \u00f6ppnar upp f\u00f6r datainsamling, utbyte och analys som potentiellt kan f\u00f6renkla produktivitets- och effektivitetsf\u00f6rb\u00e4ttringar samt \u00f6vriga ekonomiska f\u00f6rdelar.<\/p>\n<p style=\"text-align: justify;\">De intelligenta IoT systemen \u00f6ppnar upp f\u00f6r tillverkning av nya produkter, dynamisk respons p\u00e5 produktefterfr\u00e5gan och realtidsoptimering av produktion och leverant\u00f6rskedjor genom kombination av n\u00e4tverksmaskiner, sensorer och kontrollsystem.<\/p>\n<\/div><div class=\"fusion-image-element fusion-image-align-center in-legacy-container\" style=\"text-align:center;--awb-caption-title-font-family:var(--h2_typography-font-family);--awb-caption-title-font-weight:var(--h2_typography-font-weight);--awb-caption-title-font-style:var(--h2_typography-font-style);--awb-caption-title-size:var(--h2_typography-font-size);--awb-caption-title-transform:var(--h2_typography-text-transform);--awb-caption-title-line-height:var(--h2_typography-line-height);--awb-caption-title-letter-spacing:var(--h2_typography-letter-spacing);\"><div class=\"imageframe-align-center\"><span class=\" fusion-imageframe imageframe-none imageframe-2 hover-type-none\"><img decoding=\"async\" width=\"1024\" height=\"559\" title=\"treonblow\" src=\"https:\/\/tekniseri.com\/wp-content\/uploads\/2020\/06\/treonblow-1024x559.png\" alt class=\"img-responsive wp-image-1547\" srcset=\"https:\/\/tekniseri.se\/wp-content\/uploads\/2020\/06\/treonblow-200x109.png 200w, https:\/\/tekniseri.se\/wp-content\/uploads\/2020\/06\/treonblow-400x218.png 400w, https:\/\/tekniseri.se\/wp-content\/uploads\/2020\/06\/treonblow-600x327.png 600w, https:\/\/tekniseri.se\/wp-content\/uploads\/2020\/06\/treonblow-800x437.png 800w, https:\/\/tekniseri.se\/wp-content\/uploads\/2020\/06\/treonblow-1200x655.png 1200w, https:\/\/tekniseri.se\/wp-content\/uploads\/2020\/06\/treonblow.png 1600w\" sizes=\"(max-width: 800px) 100vw, 1024px\" \/><\/span><\/div><\/div><div class=\"fusion-text fusion-text-2\"><p style=\"text-align: justify;\">Treon designar s\u00e5v\u00e4l h\u00e5rdvara som mjukvara f\u00f6r intelligenta och sammankopplade IoT produkter som kan k\u00e4nna av och \u00f6vervaka r\u00f6relser, temperatur, luftfuktighet, tryck och ljus, samt enheter som samlar in, bearbetar och \u00f6verf\u00f6rsedan data till molnet f\u00f6r vidare anv\u00e4ndning. Denna data kan anv\u00e4ndas f\u00f6r att \u00f6ka effektivitet, s\u00e4kerhet och produktivitet i olika anl\u00e4ggningar, fr\u00e5n olika industrier till smarta byggnader och fr\u00e5n kontor till kalla lager och logistikkedjor.<\/p>\n<p style=\"text-align: justify;\">Tekniseri \u00e4r partner till Treon vid tillverkningen av frontpaneler f\u00f6r Treons noder och sensorer. IoT produkterna st\u00e5r inf\u00f6r tuffa och varierande produktions- och logistikmilj\u00f6er. Milj\u00f6n kan variera fr\u00e5n frostiga minusgrader i kalla logistikcenter till h\u00f6g fuktighet och v\u00e4rme i metallverkst\u00e4der. Dessa f\u00f6rh\u00e5llanden kr\u00e4ver printmaterial, printf\u00e4rger och lim som \u00e4r optimala f\u00f6r att klara av upprepat slitage och varierande temperaturer. Tekniseri har l\u00e5ng erfarenhet och v\u00e4letablerade f\u00f6rh\u00e5llande med v\u00e4lk\u00e4nda materialproducenter och kan d\u00e4rf\u00f6r garantera materialets kvalitet, konsistens och tillg\u00e4nglighet under alla omst\u00e4ndigheter. Produkter tillverkas enligt kundens specifikationer och tillverkningsprocessen v\u00e4ljs specifikt utifr\u00e5n den applikation som efterfr\u00e5gas.<\/p>\n<p style=\"text-align: justify;\">F\u00f6r att l\u00e4sa mer om Treon, se: <em><a href=\"https:\/\/www.treon.fi\/\">Treon.fi<\/a>.<\/em><\/p>\n<\/div><div class=\"fusion-clearfix\"><\/div><\/div><\/div><\/div><\/div>\n","protected":false},"excerpt":{"rendered":"","protected":false},"author":1,"featured_media":0,"parent":1643,"menu_order":0,"comment_status":"closed","ping_status":"closed","template":"","meta":{"footnotes":""},"class_list":["post-1546","page","type-page","status-publish","hentry"],"yoast_head":"<!-- This site is optimized with the Yoast SEO plugin v27.3 - https:\/\/yoast.com\/product\/yoast-seo-wordpress\/ -->\n<title>Treon &#187; Tekniseri<\/title>\n<meta name=\"robots\" content=\"index, follow, max-snippet:-1, max-image-preview:large, max-video-preview:-1\" \/>\n<link rel=\"canonical\" href=\"https:\/\/tekniseri.se\/?page_id=1546\" \/>\n<meta property=\"og:locale\" content=\"sv_SE\" \/>\n<meta property=\"og:type\" content=\"article\" \/>\n<meta property=\"og:title\" content=\"Treon &#187; Tekniseri\" \/>\n<meta property=\"og:url\" content=\"https:\/\/tekniseri.se\/?page_id=1546\" \/>\n<meta property=\"og:site_name\" content=\"Tekniseri\" \/>\n<meta property=\"article:publisher\" content=\"https:\/\/www.facebook.com\/tekniseri\/\" \/>\n<meta property=\"article:modified_time\" content=\"2021-03-11T13:30:56+00:00\" \/>\n<meta name=\"twitter:card\" content=\"summary_large_image\" \/>\n<meta name=\"twitter:label1\" content=\"Ber\u00e4knad l\u00e4stid\" \/>\n\t<meta name=\"twitter:data1\" content=\"5 minuter\" \/>\n<script type=\"application\/ld+json\" class=\"yoast-schema-graph\">{\"@context\":\"https:\\\/\\\/schema.org\",\"@graph\":[{\"@type\":\"WebPage\",\"@id\":\"https:\\\/\\\/tekniseri.se\\\/?page_id=1546\",\"url\":\"https:\\\/\\\/tekniseri.se\\\/?page_id=1546\",\"name\":\"Treon &#187; Tekniseri\",\"isPartOf\":{\"@id\":\"https:\\\/\\\/tekniseri.se\\\/#website\"},\"datePublished\":\"2021-03-11T13:30:48+00:00\",\"dateModified\":\"2021-03-11T13:30:56+00:00\",\"breadcrumb\":{\"@id\":\"https:\\\/\\\/tekniseri.se\\\/?page_id=1546#breadcrumb\"},\"inLanguage\":\"sv-SE\",\"potentialAction\":[{\"@type\":\"ReadAction\",\"target\":[\"https:\\\/\\\/tekniseri.se\\\/?page_id=1546\"]}]},{\"@type\":\"BreadcrumbList\",\"@id\":\"https:\\\/\\\/tekniseri.se\\\/?page_id=1546#breadcrumb\",\"itemListElement\":[{\"@type\":\"ListItem\",\"position\":1,\"name\":\"Home\",\"item\":\"https:\\\/\\\/tekniseri.se\\\/\"},{\"@type\":\"ListItem\",\"position\":2,\"name\":\"Referenser\",\"item\":\"https:\\\/\\\/tekniseri.se\\\/?page_id=1643\"},{\"@type\":\"ListItem\",\"position\":3,\"name\":\"Treon\"}]},{\"@type\":\"WebSite\",\"@id\":\"https:\\\/\\\/tekniseri.se\\\/#website\",\"url\":\"https:\\\/\\\/tekniseri.se\\\/\",\"name\":\"Tekniseri\",\"description\":\"\",\"publisher\":{\"@id\":\"https:\\\/\\\/tekniseri.se\\\/#organization\"},\"potentialAction\":[{\"@type\":\"SearchAction\",\"target\":{\"@type\":\"EntryPoint\",\"urlTemplate\":\"https:\\\/\\\/tekniseri.se\\\/?s={search_term_string}\"},\"query-input\":{\"@type\":\"PropertyValueSpecification\",\"valueRequired\":true,\"valueName\":\"search_term_string\"}}],\"inLanguage\":\"sv-SE\"},{\"@type\":\"Organization\",\"@id\":\"https:\\\/\\\/tekniseri.se\\\/#organization\",\"name\":\"Tekniseri\",\"url\":\"https:\\\/\\\/tekniseri.se\\\/\",\"logo\":{\"@type\":\"ImageObject\",\"inLanguage\":\"sv-SE\",\"@id\":\"https:\\\/\\\/tekniseri.se\\\/#\\\/schema\\\/logo\\\/image\\\/\",\"url\":\"https:\\\/\\\/tekniseri.se\\\/wp-content\\\/uploads\\\/2023\\\/01\\\/Tekniseri-Logo-2023.jpg\",\"contentUrl\":\"https:\\\/\\\/tekniseri.se\\\/wp-content\\\/uploads\\\/2023\\\/01\\\/Tekniseri-Logo-2023.jpg\",\"width\":2422,\"height\":356,\"caption\":\"Tekniseri\"},\"image\":{\"@id\":\"https:\\\/\\\/tekniseri.se\\\/#\\\/schema\\\/logo\\\/image\\\/\"},\"sameAs\":[\"https:\\\/\\\/www.facebook.com\\\/tekniseri\\\/\",\"https:\\\/\\\/linkedin.com\\\/company\\\/tekniseri\"]}]}<\/script>\n<!-- \/ Yoast SEO plugin. -->","yoast_head_json":{"title":"Treon &#187; Tekniseri","robots":{"index":"index","follow":"follow","max-snippet":"max-snippet:-1","max-image-preview":"max-image-preview:large","max-video-preview":"max-video-preview:-1"},"canonical":"https:\/\/tekniseri.se\/?page_id=1546","og_locale":"sv_SE","og_type":"article","og_title":"Treon &#187; Tekniseri","og_url":"https:\/\/tekniseri.se\/?page_id=1546","og_site_name":"Tekniseri","article_publisher":"https:\/\/www.facebook.com\/tekniseri\/","article_modified_time":"2021-03-11T13:30:56+00:00","twitter_card":"summary_large_image","twitter_misc":{"Ber\u00e4knad l\u00e4stid":"5 minuter"},"schema":{"@context":"https:\/\/schema.org","@graph":[{"@type":"WebPage","@id":"https:\/\/tekniseri.se\/?page_id=1546","url":"https:\/\/tekniseri.se\/?page_id=1546","name":"Treon &#187; Tekniseri","isPartOf":{"@id":"https:\/\/tekniseri.se\/#website"},"datePublished":"2021-03-11T13:30:48+00:00","dateModified":"2021-03-11T13:30:56+00:00","breadcrumb":{"@id":"https:\/\/tekniseri.se\/?page_id=1546#breadcrumb"},"inLanguage":"sv-SE","potentialAction":[{"@type":"ReadAction","target":["https:\/\/tekniseri.se\/?page_id=1546"]}]},{"@type":"BreadcrumbList","@id":"https:\/\/tekniseri.se\/?page_id=1546#breadcrumb","itemListElement":[{"@type":"ListItem","position":1,"name":"Home","item":"https:\/\/tekniseri.se\/"},{"@type":"ListItem","position":2,"name":"Referenser","item":"https:\/\/tekniseri.se\/?page_id=1643"},{"@type":"ListItem","position":3,"name":"Treon"}]},{"@type":"WebSite","@id":"https:\/\/tekniseri.se\/#website","url":"https:\/\/tekniseri.se\/","name":"Tekniseri","description":"","publisher":{"@id":"https:\/\/tekniseri.se\/#organization"},"potentialAction":[{"@type":"SearchAction","target":{"@type":"EntryPoint","urlTemplate":"https:\/\/tekniseri.se\/?s={search_term_string}"},"query-input":{"@type":"PropertyValueSpecification","valueRequired":true,"valueName":"search_term_string"}}],"inLanguage":"sv-SE"},{"@type":"Organization","@id":"https:\/\/tekniseri.se\/#organization","name":"Tekniseri","url":"https:\/\/tekniseri.se\/","logo":{"@type":"ImageObject","inLanguage":"sv-SE","@id":"https:\/\/tekniseri.se\/#\/schema\/logo\/image\/","url":"https:\/\/tekniseri.se\/wp-content\/uploads\/2023\/01\/Tekniseri-Logo-2023.jpg","contentUrl":"https:\/\/tekniseri.se\/wp-content\/uploads\/2023\/01\/Tekniseri-Logo-2023.jpg","width":2422,"height":356,"caption":"Tekniseri"},"image":{"@id":"https:\/\/tekniseri.se\/#\/schema\/logo\/image\/"},"sameAs":["https:\/\/www.facebook.com\/tekniseri\/","https:\/\/linkedin.com\/company\/tekniseri"]}]}},"_links":{"self":[{"href":"https:\/\/tekniseri.se\/index.php?rest_route=\/wp\/v2\/pages\/1546","targetHints":{"allow":["GET"]}}],"collection":[{"href":"https:\/\/tekniseri.se\/index.php?rest_route=\/wp\/v2\/pages"}],"about":[{"href":"https:\/\/tekniseri.se\/index.php?rest_route=\/wp\/v2\/types\/page"}],"author":[{"embeddable":true,"href":"https:\/\/tekniseri.se\/index.php?rest_route=\/wp\/v2\/users\/1"}],"replies":[{"embeddable":true,"href":"https:\/\/tekniseri.se\/index.php?rest_route=%2Fwp%2Fv2%2Fcomments&post=1546"}],"version-history":[{"count":10,"href":"https:\/\/tekniseri.se\/index.php?rest_route=\/wp\/v2\/pages\/1546\/revisions"}],"predecessor-version":[{"id":1558,"href":"https:\/\/tekniseri.se\/index.php?rest_route=\/wp\/v2\/pages\/1546\/revisions\/1558"}],"up":[{"embeddable":true,"href":"https:\/\/tekniseri.se\/index.php?rest_route=\/wp\/v2\/pages\/1643"}],"wp:attachment":[{"href":"https:\/\/tekniseri.se\/index.php?rest_route=%2Fwp%2Fv2%2Fmedia&parent=1546"}],"curies":[{"name":"wp","href":"https:\/\/api.w.org\/{rel}","templated":true}]}}